k(0). Calculate the highest common factor of 3 and l.
3
Let r be (-5460)/(-27) - (-2)/(-9). Let v = 291 - -51. Let j = v - r. What is the highest common factor of j and 20?
20
Let q(h) = h**2 + 4*h - 31. Let v be q(5). Let u = 26 - -128. What is the highest common factor of v and u?
14
Suppose -2*l + 0*l + 36 = 0. Let v(q) = 7*q + 5. Let z be v(1). What is the highest common divisor of l and z?
6
Let s(j) = -5*j**3 + 11*j**2 - 9*j - 14. Let n(d) = -d**3. Let z(l) = 4*n(l) - s(l). Let u be z(10). Calculate the highest common factor of u and 16.
4
Let c(h) = h**2 - 15*h. Let j be c(15). Suppose 4*q = -2*a + 40, 2*q - 132 = -5*a - j*q. Calculate the highest common factor of 14 and a.
14
Let z be (3 - 1)/(8/(-12)). Let c(g) = -g**2 - g - 4. Let j be c(z). Let t = j - -18. Calculate the greatest common factor of t and 40.
8
Let m(f) = 4*f**2 + 6*f - 3. Let k be m(-6). Suppose 4*w - 81 = -t - 0*t, k = 5*w + 2*t. Let v = 35 - w. What is the greatest common factor of 80 and v?
16
Let o be -3*2*4/(-6). Let x be (-2 - (-5)/2)*o. Suppose -45 = x*s - 5*s. Calculate the greatest common divisor of 135 and s.
15
Let m(f) = -f + 18. Let z be m(8). What is the greatest common factor of z and 25?
5
Suppose 2*y - 832 = 3*s - 0*y, 2*s = 5*y - 573. Let q = -171 - s. Suppose 5*j - g - q = -15, 4*j - 65 = -g. Calculate the highest common divisor of 34 and j.
17
Let w be 82 + (0 - 0)/(-1) - 2. What is the greatest common divisor of w and 20?
20
Let o = -24 + 39. Suppose 5*n - o = -35. Let g = n - -10. What is the greatest common divisor of 66 and g?
6
Let j(i) = i**3 + 6*i**2 - 13*i - 3. Let l be j(-6). Calculate the highest common factor of l and 50.
25
Suppose -5 = -2*j - 3*j. What is the greatest common factor of 8 and j?
1
Let b = 56 + -112. Let p = b - -113. Calculate the highest common divisor of 19 and p.
19
Let v = 11 + -20. Let z(c) = -5*c + 3. Let a be z(v). Let d = -17 - -29. Calculate the highest common divisor of a and d.
12
Let o be (1 - 0)/((-1)/(-7)). Suppose 5*m - 155 = -5*g, -5*m - 28 = -4*g + 69. Calculate the highest common factor of g and o.
7
Suppose 184 = 4*k - 32. Calculate the greatest common divisor of k and 36.
18
Let g(q) = 187*q**3 + q**2 - 1. Let u be g(1). Calculate the highest common divisor of u and 17.
17
Let p(l) = l**2 - l + 2. Let o be p(2). Suppose -o*w - 1 = -57. What is the highest common factor of 35 and w?
7
Suppose 0 = 4*h - 2*a + 971 + 63, 5*h + a + 1303 = 0. Suppose -13*r + 2860 = -2093. Let o = r + h. What is the highest common divisor of o and 11?
11
Let r = -23 - -14. Let a = 3 - r. What is the greatest common factor of a and 24?
12
Let a be 1/((-2)/(-14))*-6. Let q = a + 64. Calculate the highest common factor of 242 and q.
22
Let t be (2/5)/((-5)/(-275)). Calculate the greatest common divisor of 33 and t.
11
Let b = -9 + 13. Suppose -1 = 5*h - b*s + 132, -2*h + 4*s = 46. Let q = h - -44. Calculate the greatest common factor of 135 and q.
15
Let h = 157 + -112. What is the highest common divisor of h and 30?
15
Let q = 25 + -13. Let j(b) = -b**3 + 7*b**2 + 9*b - 6. Let r be j(6). What is the highest common factor of r and q?
12
Suppose 4*f + 1 + 3 = 0. Let r = 3 + f. Suppose y + 4*a - 6 = -0*y, -4*y = -r*a - 24. Calculate the highest common divisor of y and 24.
6
Suppose -6*o + 265 = -65. Suppose 7 = -3*f - 11. Let z(s) = s**2 + 5*s + 5. Let l be z(f). What is the highest common divisor of o and l?
11
Suppose -5*u = -231 - 39. Suppose 82 = 4*t + 2*a + 3*a, 0 = 2*t + 2*a - 40. Calculate the greatest common divisor of t and u.
18
Let f = -21 - -87. What is the greatest common divisor of f and 12?
6
Suppose -2*y - y + 5*w = -31, 2*w + 12 = y. Let r be 2/((-5)/((-15)/y)). Calculate the greatest common divisor of r and 15.
3
Let f(i) = -6*i - 47. Let m be f(-11). Calculate the highest common factor of m and 57.
19
Let d(u) = 5*u + 17. Let s be d(14). What is the highest common divisor of 29 and s?
29
Let l(g) be the first derivative of 5*g**2/2 + 21*g - 3. Let i be l(7). Calculate the highest common divisor of i and 7.
7
Let i(o) = -o**3 + o - 18. Let u be i(0). Let v be 16/9 + u/(-81). Suppose -2*j - j + 5*n = -16, -2*n = 4*j - 56. What is the highest common factor of v and j?
2
Let m(z) = -z**2 + 102. Let u be m(0). Suppose 5*r - u - 23 = 0. Suppose 3*j + 41 = 5*a - 0*j, 5*j - 15 = 0. Calculate the greatest common factor of a and r.
5
Let h(p) = -p**2 - 2*p. Let v be h(-2). Suppose 2*z = 6 - v. Let y(g) = g**2 + 2*g + 3. Let b be y(-2). What is the highest common divisor of z and b?
3
Suppose -u - 4 = -2*s - 16, 4*u + 12 = -4*s. Let p = -1 - u. Let m be p - (2 + -4) - -8. What is the highest common factor of 7 and m?
7
Let p(b) = 4*b**2 - 5*b - 4. Let x be p(4). Calculate the greatest common factor of 280 and x.
40
Suppose 0 = 4*a - 16, -f + 0 = -3*a + 4. Calculate the greatest common factor of 20 and f.
4
Let u(s) = -s**2 - 5 - s**2 - 3*s + 10*s**2 + 2*s. Let a be -5*(0 + 4/(-5)). Let l be u(a). What is the greatest common factor of 17 and l?
17
Let y(v) = v**3 - 5*v**2 - 2*v. Let z be y(4). Let m = -14 - z. Calculate the highest common divisor of m and 10.
10
Let s(d) = 4*d - 2. Let w be s(2). Let k(a) = a + 4. Let m(i) = 1. Let y(o) = k(o) + 3*m(o). Let u be y(5). Calculate the highest common divisor of w and u.
6
Let m be ((-18)/15)/(6/(-40)). Let t = -2 - -6. Let b(g) = 3*g**2 - 5*g - 4. Let z be b(t). Calculate the highest common factor of m and z.
8
Suppose 5*c - 13 - 12 = 0. Let y(s) = s - 3. Let q be y(c). What is the greatest common factor of 16 and q?
2
Let i be (52/(-12))/((-1)/66). Calculate the greatest common divisor of 26 and i.
26
Let p(j) = j**3 - 7*j**2 - j + 7. Let b be p(7). Let y(g) = 88*g + 1 + b*g - 1. Let k be y(2). Calculate the greatest common factor of 22 and k.
22
Let k = -8 + 12. Suppose 0 = 5*y + 3*o - 18, 28 = k*y - 2*o + o. Suppose 31 = w + 1. What is the greatest common factor of w and y?
6
Suppose 0 = -0*s - 2*s + 2. Let l = 2 - s. Let d be (-1 - -2) + l*54. Calculate the highest common factor of 22 and d.
11
Let m(q) = q**2 + 2*q - 1. Let s be m(-3). Suppose i = s*i - 1. Calculate the greatest common divisor of 9 and i.
1
Let o be (-2950)/(-110) - 2/(-11). What is the highest common divisor of 18 and o?
9
Let u = -93 - -198. Let m = 17 + -2. What is the greatest common factor of u and m?
15
Let h = -4 - -94. Let d(t) = -7*t - 36. Let m(u) = -4*u - 18. Let a(r) = -3*d(r) + 5*m(r). Let q be a(0). What is the greatest common factor of h and q?
18
Let q = 234 - 138. What is the highest common divisor of 32 and q?
32
Let k(w) be the first derivative of w**3/3 - w**2 - 2*w + 1. Let l be k(4). Let t = l + 5. What is the greatest common divisor of t and 11?
11
Suppose 6*g - 5*g = 2. Suppose -2*r + 14 = 2*p, -g*p = 8*r - 3*r - 20. What is the greatest common divisor of p and 55?
5
Suppose -95 = -9*p + 85. What is the highest common divisor of p and 30?
10
Let l be 8/((-224)/12) + 80/7. What is the highest common factor of l and 55?
11
Suppose -158 = -0*a - 4*a - 2*i, -a + 35 = -4*i. Suppose 48 = 2*c + 4*o, 2*c - a + 6 = -o. Calculate the greatest common factor of 56 and c.
14
Suppose -j - 113 = t - 2*t, -4*t = 2*j - 434. Suppose 6*h = h + t. Let x be (h/3)/(2/3). Calculate the highest common divisor of 99 and x.
11
Let k = -23 + 26. Calculate the highest common factor of k and 3.
3
Let j be 16/(-24) + (-34)/(-6). Suppose -t = 4*w - j, 2*w = 7*w. What is the greatest common factor of 20 and t?
5
Let z be (2/4)/((-15)/(-810)). What is the greatest common factor of z and 297?
27
Let x(q) = -2*q**3 - 5*q**2 - 2*q - 4. Let h be x(-5). Let o = h + -40. Calculate the highest common factor of 13 and o.
13
Let r be (-5235)/(-75) + (-1)/(-5). What is the highest common divisor of r and 14?
14
Suppose 14*b - 17*b = -198. What is the highest common divisor of b and 6?
6
Let r(n) = -n**3 - 5*n**2 - 2*n - 8. Let v be r(-5). What is the greatest common factor of v and 16?
2
Let j = 18 + -12. Calculate the highest common divisor of j and 6.
6
Let y(b) = b**2 - 6*b - 7. Let d be y(8). Let g(z) = 9*z - 9. Let n = 26 + -16. Let w be g(n). Calculate the highest common divisor of d and w.
9
Suppose -k - 1 = f, 2 = -4*k - 7*f + 2*f. Let l be 66/(-4)*4/k. Suppose 14 = -h + 47. Calculate the highest common factor 